 is the units digit of t?
9
Let f(o) = 6*o**3 + o**2 + o. Let j be f(-1). Let v = j - -8. What is the units digit of 2*1 - (-9 + v)?
9
Suppose 3*u + 3*s = 2*u + 2, -5*s = -20. Let t be u/4*(9 + -3). What is the units digit of 46/10 - t/(-25)?
4
Suppose -5*b + 14 = 2*y, -b - 22 = -5*b + 2*y. Suppose 4*w - b = 16. Suppose 0 = -h + 2*d + 6 - 2, -15 = -w*h + 5*d. What is the units digit of h?
2
Let z(h) = -11*h**3 + h**2 - 2*h - 1. What is the tens digit of z(-2)?
9
Let q(t) be the first derivative of -27*t**2/2 + t - 2. Let s be q(-1). Suppose s = -o + 5*o. What is the units digit of o?
7
Let n be 33/12 - (-1)/4. Let a be (-4)/(-6) + 13/n. Suppose -4*s = 4*f - 20, -3*s + 2 = -5*f - a. What is the units digit of s?
4
Let l be 14/(-49) + (-2)/(-7). Suppose -3*z + 15 = -l. Suppose -4*w - 8 = g - 2*w, -5*w = z*g + 15. What is the units digit of g?
2
Let m = 7 + -7. Suppose m = -4*c - c + 70. What is the units digit of c?
4
Let o(v) = v**2 - 8*v + 16. What is the units digit of o(13)?
1
Let t be (-1 + -1)/(0 + -1). Suppose -4*l + 5*l - w = 7, -19 = -4*l - 5*w. Suppose -h - 20 = -l*h + 2*y, -8 = -t*h + 4*y. What is the units digit of h?
4
Let m = -204 - -407. What is the units digit of m?
3
Suppose -7*o + 3*o = -12. Let j(c) = -10*c**2 - 5 - 3*c**3 + 3 + 10*c + 2*c**o + 3. What is the tens digit of j(-11)?
1
What is the tens digit of (68/(-8) - (0 + -2))*-6?
3
Let i(l) = -l**2 + 5*l + 5. Let b be i(5). Suppose -6*x = -2*x - 3*c - 59, -71 = -b*x + c. What is the units digit of x?
4
Suppose 2*n - 27 = 25. What is the units digit of n?
6
Let p(r) = -r**3 + 5*r**2 + 10*r - 8. What is the tens digit of p(6)?
1
Let m be (1 + -3)/(2/(-3)). Suppose 0 = -5*d + m + 12. Suppose -2*i + 3*y = -14, -d*y + 10 = i + 3. What is the units digit of i?
7
What is the units digit of (-2 - -5) + 4*-1 + 60?
9
Let w(j) = -j**2 - 6*j + 2. What is the units digit of w(-6)?
2
Let o(n) = 10*n**3 - 14*n**2 - 4*n + 3. Let g(b) = -7*b**3 + 9*b**2 + 3*b - 2. Let a(w) = 7*g(w) + 5*o(w). What is the units digit of a(7)?
8
Suppose 5*r - 4*k - 13 = 0, -4*r = 7*k - 2*k - 35. Suppose r*g = 7 + 3. What is the units digit of g?
2
Suppose 11*w = -367 + 1566. What is the hundreds digit of w?
1
Suppose 0 = -2*l - 3*l - 65. Let f = l + 23. Let g = f + -6. What is the units digit of g?
4
Let p be 8/12*75 - 0. Suppose -14 = -2*i - 4*f, -4*i + 4*f = f - p. What is the tens digit of i?
1
Suppose -u - 3 = -5. Suppose 3*l = -p + 17, 5*l + 19 = u*p - 15. Suppose -3*g + 9 + 12 = 3*f, 0 = g - 4*f - p. What is the units digit of g?
9
Suppose -96 = -2*b + 104. What is the tens digit of b?
0
Let x(n) = 24*n**2 - n + 11. What is the hundreds digit of x(3)?
2
Let l(u) = u**3 + 7*u**2 - 3*u - 2. Let m be l(-6). What is the tens digit of 1/(-3 + m/17)?
1
Let i(p) = 10*p + 8. What is the tens digit of i(5)?
5
Let c be (-25)/10 - (-6)/(-4). What is the tens digit of (21/(-6))/(c/16)?
1
Let s = -392 + 594. What is the hundreds digit of s?
2
Let v(h) = -6*h**3 + 2*h**2 + 2. What is the tens digit of v(-2)?
5
Let f = 20 - 0. Let a be f/(-6)*6/5. Let p(u) = u**2 + 2*u - 1. What is the units digit of p(a)?
7
Let j be -1*1 - (5 - 8). Suppose 0 = l - j, 67 = 5*g + l. What is the units digit of g?
3
Suppose 18*w - 15*w = 78. What is the tens digit of w?
2
Let o(f) = -f**3 + 3*f**2 + 5*f - 4. Let w be o(4). Let v = 4 + w. Suppose v = 5*z - 1. What is the units digit of z?
1
Let w = 1 + 2. Suppose g = w*q - 12, -5*g = 3*q - q - 25. Suppose a = 3*p + 11, 0 = 2*a - q*p - 34 + 10. What is the units digit of a?
7
Let g(w) be the first derivative of w**4/2 - 4*w**3/3 + w - 3. What is the units digit of g(3)?
9
Suppose -41 = -3*n + 46. Suppose 6*w = 2*w. Suppose w = -2*q - 7 + n. What is the tens digit of q?
1
Let k = 6 - 4. Let y = k + 4. What is the units digit of y?
6
Let d(u) = 8*u**3 + 2*u**2 - 2*u + 1. Let q be 15/25 + 42/5. Let w be q/15 - 2/(-5). What is the units digit of d(w)?
9
Let t(i) = 2*i**2 - i - 1. Let l be t(-1). What is the units digit of l - -2*(-51)/(-6)?
9
Suppose h + i - 21 = 0, 2*h - i - 2*i = 57. What is the units digit of h?
4
Let a be 4/2 + 5 + 3. Let h be 6/(-15) + 104/a. Suppose 4*v - 3*y - 12 = 13, 2*v - 2*y = h. What is the units digit of v?
0
Suppose s + 10 = 6*s. Suppose l = -4*j + 17, -2*j - 3 = -s*l + 1. Suppose -4*z - j = -7*z. What is the units digit of z?
1
Suppose y + 4 = -10. Let x be 4/y + (-2)/(-7). Suppose 3*k - 6 = -x*k. What is the units digit of k?
2
Let r be 6 + (-3 + 1 - -4). Let d(q) = q**3 - 8*q**2 - q + 8. Let l be d(r). Suppose -5*h + 2*w = -71, 8*w - 3*w - 10 = l. What is the tens digit of h?
1
Let g = 0 - -4. Suppose -l = f + 2, -g*l + 11 = -2*f + 37. What is the units digit of f?
3
Let t be 2 + 1 + -2 + 4. Suppose 4*j - 47 = -5*l + 94, 0 = t*l - j - 121. What is the units digit of l?
5
Suppose -h + 3*w = -40 - 27, 5*h = 4*w + 291. What is the units digit of h?
5
Let g = 7 + -5. Let n be 1/(0 - -1 - g). Let k = n - -9. What is the units digit of k?
8
Let m(c) be the second derivative of -c**5/120 - c**3/6 + c. Let v(i) be the second derivative of m(i). What is the units digit of v(-1)?
1
Let z(m) = m**3 + 6*m**2 - 9*m - 7. Suppose -6 = -a + 14. Let b = 13 - a. What is the units digit of z(b)?
7
Let d(l) = 3*l**2 - 13*l - 2. What is the tens digit of d(8)?
8
Suppose -13 = -4*w + 2*w - 5*c, 16 = 3*w + 4*c. What is the units digit of w?
4
What is the tens digit of 1/(-5)*23*-5?
2
Let v be -6*(0 + (-6)/9). Suppose -3*l + 2*c + 3 = 0, 4 = v*l - 2*c - 0. What is the units digit of l?
1
What is the units digit of 204/18*(-6)/(-4)?
7
Let w be -1417 + 1*(2 + 1). What is the tens digit of (-4)/30 - w/30?
4
Suppose 12 = 2*g + 5*p, -g + 5*g + 5*p - 24 = 0. Let c = 8 - 5. Suppose c*q = -2*v + 8*q + g, q - 26 = -3*v. What is the units digit of v?
8
Let h(x) = -5*x + 1. Suppose -8 = f + 3*f. Let o be h(f). Let i = -3 + o. What is the units digit of i?
8
Let n(g) = -g**2 - g. Let y(l) = -5*l**2 - 8*l - 6. Let c(q) = 4*n(q) - y(q). What is the tens digit of c(-7)?
2
Let m be (-212)/(-16) - (-1)/(-4). What is the units digit of (0 - (-6)/3) + m?
5
Suppose 2 = -w + 6. Suppose -2*b + 7 = -t, 5*t + 5*b - 8 = 32. Suppose -11 + t = -w*j. What is the units digit of j?
2
What is the units digit of 205/25 + -4 + (-2)/10?
4
Let h(t) = -4*t + 3 - t**2 - t + 2*t. Let m(b) = -2*b**2 + 2*b + 1. Let s be m(-1). What is the units digit of h(s)?
3
Suppose -3*x - q = 2*q - 99, -13 = -x + 3*q. Let b = -14 + x. What is the units digit of b?
4
Suppose 59*y - 61*y = -720. What is the tens digit of y?
6
Suppose -4*p + 136 = -568. What is the tens digit of p?
7
Suppose -2*u - 9 = -5*u. Let q(m) = -3*m**2 - 3*m**2 - 5*m + 5*m**2 + u. What is the units digit of q(-5)?
3
Let u = -7 - -4. What is the units digit of (u - -6) + (-1 - -6)?
8
Let i(t) = 7*t + 4. What is the tens digit of i(2)?
1
Let m(p) = -p**3 + 6*p**2 + p - 3. Let k(v) = -v - 3. Let z be k(-9). What is the units digit of m(z)?
3
Let m be 2/2*11 + 1. Let z be (-17)/(-3) + m/(-18). Suppose i - z*i = -20. What is the units digit of i?
5
Let o = 51 + -29. Suppose o - 62 = -4*i. What is the units digit of i?
0
Let d(u) = -u**3 + 6*u**2 - 3*u - 7. Let z be d(5). Suppose 4*i = i + z. What is the units digit of i?
1
Suppose -5*o + o = 0. Suppose 7 = w - 4*m - 12, o = -3*w + 2*m + 17. What is the units digit of w?
3
Suppose 0*f - 118 = -2*y + 3*f, 5*f = y - 66. Suppose 4*c - c - 2*h = y, -4*c = -5*h - 84. What is the tens digit of c?
1
Let h = -43 - -28. Let g = 34 + h. What is the units digit of g?
9
Let q(r) = -r**2 + 7*r - 6. Let d be q(4). Let k = -5 + d. What is the units digit of k?
1
Suppose -3*n - 11 = m - 367, 5*m + n = 1752. What is the hundreds digit of m?
3
Suppose -11*n + 384 = -7*n. What is the units digit of n?
6
Suppose 3*n - 3*k + 3 = -0*n, -31 = -5*n - 4*k. What is the units digit of n?
3
Let b = 2 + -2. Suppose 3*k + k - 48 = b. What is the units digit of k?
2
Suppose -5*t = -26 - 49. Suppose -t = -2*v + 7. What is the tens digit of v?
1
Let h = -7 + 11. Suppose -2*o + 3 = 1, -h*q + 15 = 3*o. Suppose 0 = c + q*u - 26, -3*u = 2*c + 2*u - 48. What is the units digit of c?
4
Suppose -4*o + 3*x = 2 - 29, 7 = 4*o + x. What is the units digit of 8 + (-3)/((-9)/o)?
9
Suppose -2*a + 7 = -15. Let w = a - -17. What is the tens digit of w?
2
What is t